by g.
4
Suppose 17*l = 19*l - 52. Calculate the remainder when l is divided by 14.
12
Suppose 0 = -4*a - 85 - 71. What is the remainder when a/(-6)*24/3 is divided by 18?
16
What is the remainder when ((-205)/(-10) - -3)*2 is divided by 7?
5
Suppose -2*c + 116 = 2*m, -1 - 4 = 5*m. What is the remainder when c is divided by 15?
14
Calculate the remainder when 49 is divided by (-28)/(-21)*108/8.
13
Suppose -5 = -0*k - 2*k + a, -5*k = -2*a - 14. Let f(h) = -h**2 + h + 6. Calculate the remainder when f(0) is divided by k.
2
Suppose -c + 5*c - 192 = 0. Suppose -i + 3*i - c = 0. Suppose 4*x - i = 2*x. What is the remainder when 34 is divided by x?
10
Suppose 0*b + 17 = b. What is the remainder when b is divided by 10?
7
Let p(h) = -h**3 + 12*h**2 - 7*h. Let s be ((-1)/(-2))/(5/110). Calculate the remainder when p(s) is divided by 23.
21
Calculate the remainder when 129 is divided by -8*(3/(-2))/1.
9
Let x = 44 - 15. Suppose 5*n - 4*n + 40 = m, -50 = n + m. What is the remainder when x is divided by ((-24)/(-36))/((-2)/n)?
14
Suppose 4*r - 91 = -5*n, -5*r + 0*n = -n - 150. Let i = 29 + -21. Calculate the remainder when r is divided by i.
5
Let r = 17 + -9. What is the remainder when 3/(0 + 2/10) is divided by r?
7
Let r(m) = m**3 + 7*m**2 + 4*m - 1. Suppose -5*p + 2*y = 5, 4*p + 2 = -y + 3*y. Let k = p - 2. Calculate the remainder when r(k) is divided by 10.
9
Let v = 20 + -18. What is the remainder when 2 is divided by v?
0
Suppose -5*y + 86 = -3*y. Calculate the remainder when y is divided by 11.
10
Let u(i) = i + 4 + 0*i + 0. What is the remainder when 5 is divided by u(-2)?
1
Calculate the remainder when (-4)/10 + (-494)/(-10) is divided by 9.
4
Suppose -5*d + 2*p = -45, -6 = -d + 3*p + 3. Let c = 204 - 200. Calculate the remainder when d is divided by c.
1
Suppose -3*u - 2*q = -6*q - 125, 25 = -5*q. What is the remainder when u is divided by 12?
11
Let b = -100 + 147. What is the remainder when b is divided by (-116)/(-4) + (-5)/1?
23
What is the remainder when -178*(-4 - 12/(-4)) is divided by 45?
43
Let p(x) = 6*x. Suppose 2*h - 4*h = -2. What is the remainder when 1 + (0 - 32)/(-2) is divided by p(h)?
5
Suppose -18 = 8*t - 122. Calculate the remainder when t is divided by 8.
5
Let g = -42 - -80. What is the remainder when g is divided by 11?
5
Let t = 191 - 95. Let n = 172 - t. Suppose 0*z + 4*z - n = 0. Calculate the remainder when z is divided by 5.
4
Suppose -a + 5*p + 17 = 3, 28 = 2*a - 2*p. Calculate the remainder when 23 is divided by a.
9
Suppose -5*z = -10 - 0. Let l(y) be the second derivative of y**4/3 - y**3/6 + y**2/2 - 2*y. What is the remainder when l(1) is divided by z?
0
Let u be 0/(-2) - -20 - 0. Suppose -a = -5*k + u, 3*a - 7 = -k + 13. Suppose 5 = k*w - 5. Calculate the remainder when 4 is divided by w.
0
Let f be (-1)/3 - (-358)/(-6). Let v = f + 126. Calculate the remainder when v is divided by 17.
15
Let d = 73 + -51. Let q be (1 + -3)*5/(-2). Suppose -o + q = -7. Calculate the remainder when d is divided by o.
10
Let h be (-111)/(-21) + (-2)/7. Suppose -3*r + 2*d - 40 = -7*r, 2*r = h*d - 4. Calculate the remainder when 14 is divided by r.
6
Suppose h - 15 = 32. What is the remainder when h is divided by 16?
15
Suppose p - 10 - 9 = -2*k, p = 3*k + 44. Suppose -21 = -5*n + 29. What is the remainder when p is divided by n?
9
Calculate the remainder when (-216)/(-16) - 1/2 is divided by 4.
1
Let a(s) = 4*s**2 - 1. Let f(q) = -q**3 - 4*q**2 - 2. Let z be f(-4). What is the remainder when 14/(-8) - -1 - (-1035)/36 is divided by a(z)?
13
Let o = 20 + -11. Let k be ((-28)/(-6))/((-14)/(-63)). Suppose -k - 13 = -2*i. What is the remainder when i is divided by o?
8
Let t(x) = -x**3 + 5*x**2 + 7*x - 10. What is the remainder when t(5) is divided by 9?
7
Let a = -19 - -20. What is the remainder when 6 + 3 + -4 + a is divided by 3?
0
Suppose 5*r + 96 = 3*m, r + 16 = -m + 40. Calculate the remainder when m is divided by 8.
3
Let p(a) = a**3 + 2*a**2 + 2*a - 1. Let t be (-2)/5 + (-51)/(-15). What is the remainder when p(t) is divided by 17?
16
Let r(a) = 15*a**3 - a**2 + 2*a - 1. Suppose 2*x = -3*x - 4*v - 6, -5*x + 3*v = -22. Suppose m - 3 = -x*m. Calculate the remainder when 44 is divided by r(m).
14
Let b(w) = -w + 5. Let i(h) = h**2 - 4*h - 1. Suppose -5*f + 28 = -m, -f + 3*m - 1 = -3*f. Let o be i(f). What is the remainder when 1 is divided by b(o)?
0
Let u = -51 + 23. Let d = -11 - u. Suppose -m + 96 = 2*m. What is the remainder when m is divided by d?
15
Suppose 15*n - 42 = 12*n. Let t = 123 - 82. What is the remainder when t is divided by n?
13
Let b = 2 - -1. Let t = 8 + -11. Let a = t + 5. What is the remainder when b is divided by a?
1
Suppose -2*s + s + 5 = 0. Let m(p) = p**2 + 7. Calculate the remainder when m(0) is divided by s.
2
Suppose 3 = c - 4*j, -51 = -3*c - c + 3*j. Calculate the remainder when 41 is divided by c.
11
Let a be 1/(-3) - 8/(-6). Let r be 47 + a + 2 + -3. Suppose -5*d = -2*q - r, -d + 23 = q + 2*q. What is the remainder when 31 is divided by d?
9
Let n = -196 + 210. Calculate the remainder when 39 is divided by n.
11
Suppose 0 = 4*z + 3*y - 11, y = -2*z + 7*z - 28. Suppose d - 86 = -5*i, -z*i = d + 3*d - 89. What is the remainder when i is divided by 10?
7
Let c = 38 + -12. Calculate the remainder when 51 is divided by c.
25
What is the remainder when 17 is divided by 5/1 + 10 + -6?
8
Suppose 4*u - 404 = -2*o + 4*o, 5*o + 398 = 4*u. Suppose -130 = -3*l - 2*l. What is the remainder when u is divided by l?
24
Let l(w) = 7*w**2 + 1. What is the remainder when 21 is divided by l(1)?
5
Let v = -35 - -46. Calculate the remainder when 50 is divided by v.
6
Let k(d) = 4*d**2 + 4*d + 3. What is the remainder when k(-3) is divided by 7?
6
Let q = 27 + -16. What is the remainder when 584/14 - (-16)/56 is divided by q?
9
Let p = -22 - -16. Calculate the remainder when 7 is divided by (-8)/24 - 32/p.
2
Suppose -4*n + 11 = -3*q, -4*n + 4*q + 14 = n. Suppose -a - 3*a = 4*z + 4, z = -n*a - 4. What is the remainder when 10 is divided by (-4)/(z/(0 + -2))?
2
Let f be 34*((-5)/(-2) + -2). Suppose j = 5*j - 48. What is the remainder when (-4 - -5)*f*2 is divided by j?
10
Suppose s + 2*s + 5*u = 112, 3*s + u - 104 = 0. Let l = -18 + s. Let r = 68 - 22. What is the remainder when r is divided by l?
14
Calculate the remainder when 2712/84 - (-2)/(-7) is divided by 5.
2
Let q be 2*(-3)/(-6)*1. What is the remainder when (-4)/q*(-105)/6 is divided by 24?
22
Suppose -3*x - 2 = 16. Let t = 11 + x. What is the remainder when t is divided by ((-1)/3)/(2/(-18))?
2
Let a(k) be the second derivative of -2/3*k**3 + 0 + 3/2*k**2 - k. Calculate the remainder when 37 is divided by a(-4).
18
Let c(h) = h + 2. Let q be c(0). Suppose -y - 2*y - 3*p = 36, -q = p. What is the remainder when 23 is divided by (4 - 2) + y/(-1)?
11
Suppose 0 = -t - 2*t + 33. Suppose c - 5*c + 164 = 0. What is the remainder when c is divided by t?
8
Suppose -9*p - p = -750. What is the remainder when p is divided by 19?
18
Let f(a) = -a**2 + 6*a + 11. Let j be f(7). Suppose 3*q - j*q + 7 = 0. Calculate the remainder when 19 is divided by q.
5
Let y be (6/(-5))/((-2)/(-10)). Let h be 3/y*-17*20. Suppose 8*g - 3*g - h = 0. What is the remainder when g is divided by 12?
10
Let l = 196 - 186. What is the remainder when 10 is divided by l?
0
Suppose -10*p = -14*p + 32. Calculate the remainder when p is divided by ((-4)/(-6))/(4/30).
3
Suppose -6*y = -55 + 7. Suppose -5*r = 14 - 204. Calculate the remainder when r is divided by y.
6
Suppose 0 = -4*i + 126 - 50. Let w(b) = -b**2 - 4*b + 5. Let t be w(-6). Calculate the remainder when i is divided by 6/21 + (-68)/t.
9
Let d(g) = -6*g - 52. Suppose -4*b + 12 = 4. What is the remainder when d(-10) is divided by b?
0
Let t be ((-8)/16)/((-1)/10). Let y(x) = x**3 - 3*x**2 - 7*x + 4. Calculate the remainder when 55 is divided by y(t).
17
What is the remainder when ((-3510)/(-21))/3 + (-4)/(-14) is divided by 15?
11
Let w(d) = d**3 + 7*d**2 + 7*d + 9. Let l be w(-6). Calculate the remainder when 29 + 1*6/l is divided by 16.
15
Let w = 124 - 39. What is the remainder when w is divided by 25?
10
Let k(b) = -b**2 - 8*b + 11. Calculate the remainder when 4 is divided by k(-9).
0
Let x = -2 - 4. Let h(p) = -3*p**2 + 10*p + 2. 